{"id":13890,"date":"2024-04-04T14:13:11","date_gmt":"2024-04-04T14:13:11","guid":{"rendered":"https:\/\/www.lange.fr\/?post_type=product&#038;p=13890"},"modified":"2024-10-28T11:35:30","modified_gmt":"2024-10-28T11:35:30","slug":"serum-vitalite-extreme-regenerant","status":"publish","type":"product","link":"https:\/\/www.lange.fr\/en\/product\/serum-vitalite-extreme-regenerant\/","title":{"rendered":"Extreme Vitality Renewing Serum"},"content":{"rendered":"<p>Hydrated, the skin appears regenerated, and the signs of aging are diminished. Smooth and even, the complexion is radiant with vitality.<\/p>\n<p>Ref. 23406<\/p>","protected":false},"excerpt":{"rendered":"<p>Hydrated, the skin appears regenerated, and the signs of aging are diminished. Smooth and even, the complexion is radiant with vitality.<\/p>","protected":false},"featured_media":0,"comment_status":"closed","ping_status":"closed","template":"","meta":{"_acf_changed":false},"product_brand":[],"product_cat":[56],"product_tag":[],"class_list":{"0":"post-13890","1":"product","2":"type-product","3":"status-publish","5":"product_cat-vitalite","7":"first","8":"instock","9":"shipping-taxable","10":"purchasable","11":"product-type-simple"},"acf":[],"yoast_head":"<!-- This site is optimized with the Yoast SEO plugin v27.5 - https:\/\/yoast.com\/product\/yoast-seo-wordpress\/ -->\n<title>S\u00e9rum Vitalit\u00e9 Extr\u00eame R\u00e9g\u00e9n\u00e9rant - Lang\u00e9 - Paris<\/title>\n<meta name=\"robots\" content=\"index, follow, max-snippet:-1, max-image-preview:large, max-video-preview:-1\" \/>\n<link rel=\"canonical\" href=\"http:\/\/www.lange.fr\/en\/product\/serum-vitalite-extreme-regenerant\/\" \/>\n<meta property=\"og:locale\" content=\"en_US\" \/>\n<meta property=\"og:type\" content=\"article\" \/>\n<meta property=\"og:title\" content=\"S\u00e9rum Vitalit\u00e9 Extr\u00eame R\u00e9g\u00e9n\u00e9rant - Lang\u00e9 - Paris\" \/>\n<meta property=\"og:description\" content=\"Hydrat\u00e9e, la peau semble r\u00e9g\u00e9n\u00e9r\u00e9e et les signes de l&#039;\u00e2ge att\u00e9nu\u00e9s. Uniforme et lisse, le teint est \u00e9clatant de vitalit\u00e9.\" \/>\n<meta property=\"og:url\" content=\"http:\/\/www.lange.fr\/en\/product\/serum-vitalite-extreme-regenerant\/\" \/>\n<meta property=\"og:site_name\" content=\"Lang\u00e9 - Paris\" \/>\n<meta property=\"article:modified_time\" content=\"2024-10-28T11:35:30+00:00\" \/>\n<meta name=\"twitter:card\" content=\"summary_large_image\" \/>\n<meta name=\"twitter:label1\" content=\"Est. reading time\" \/>\n\t<meta name=\"twitter:data1\" content=\"1 minute\" \/>\n<script type=\"application\/ld+json\" class=\"yoast-schema-graph\">{\"@context\":\"https:\\\/\\\/schema.org\",\"@graph\":[{\"@type\":\"WebPage\",\"@id\":\"http:\\\/\\\/www.lange.fr\\\/product\\\/serum-vitalite-extreme-regenerant\\\/\",\"url\":\"http:\\\/\\\/www.lange.fr\\\/product\\\/serum-vitalite-extreme-regenerant\\\/\",\"name\":\"S\u00e9rum Vitalit\u00e9 Extr\u00eame R\u00e9g\u00e9n\u00e9rant - Lang\u00e9 - Paris\",\"isPartOf\":{\"@id\":\"https:\\\/\\\/www.lange.fr\\\/#website\"},\"datePublished\":\"2024-04-04T14:13:11+00:00\",\"dateModified\":\"2024-10-28T11:35:30+00:00\",\"breadcrumb\":{\"@id\":\"http:\\\/\\\/www.lange.fr\\\/product\\\/serum-vitalite-extreme-regenerant\\\/#breadcrumb\"},\"inLanguage\":\"en-US\",\"potentialAction\":[{\"@type\":\"ReadAction\",\"target\":[\"http:\\\/\\\/www.lange.fr\\\/product\\\/serum-vitalite-extreme-regenerant\\\/\"]}]},{\"@type\":\"BreadcrumbList\",\"@id\":\"http:\\\/\\\/www.lange.fr\\\/product\\\/serum-vitalite-extreme-regenerant\\\/#breadcrumb\",\"itemListElement\":[{\"@type\":\"ListItem\",\"position\":1,\"name\":\"Home\",\"item\":\"https:\\\/\\\/www.lange.fr\\\/\"},{\"@type\":\"ListItem\",\"position\":2,\"name\":\"Boutique\",\"item\":\"https:\\\/\\\/www.lange.fr\\\/en\\\/boutique\\\/\"},{\"@type\":\"ListItem\",\"position\":3,\"name\":\"S\u00e9rum Vitalit\u00e9 Extr\u00eame R\u00e9g\u00e9n\u00e9rant\"}]},{\"@type\":\"WebSite\",\"@id\":\"https:\\\/\\\/www.lange.fr\\\/#website\",\"url\":\"https:\\\/\\\/www.lange.fr\\\/\",\"name\":\"Lang\u00e9 - Paris\",\"description\":\"L\u2019ACCENT SUR VOTRE BEAUT\u00c9\",\"publisher\":{\"@id\":\"https:\\\/\\\/www.lange.fr\\\/#organization\"},\"potentialAction\":[{\"@type\":\"SearchAction\",\"target\":{\"@type\":\"EntryPoint\",\"urlTemplate\":\"https:\\\/\\\/www.lange.fr\\\/?s={search_term_string}\"},\"query-input\":{\"@type\":\"PropertyValueSpecification\",\"valueRequired\":true,\"valueName\":\"search_term_string\"}}],\"inLanguage\":\"en-US\"},{\"@type\":\"Organization\",\"@id\":\"https:\\\/\\\/www.lange.fr\\\/#organization\",\"name\":\"Lang\u00e9 - Paris\",\"url\":\"https:\\\/\\\/www.lange.fr\\\/\",\"logo\":{\"@type\":\"ImageObject\",\"inLanguage\":\"en-US\",\"@id\":\"https:\\\/\\\/www.lange.fr\\\/#\\\/schema\\\/logo\\\/image\\\/\",\"url\":\"https:\\\/\\\/www.lange.fr\\\/wp-content\\\/uploads\\\/2024\\\/02\\\/99f7e8d7c7c63f8baea2a9b58e651730.png\",\"contentUrl\":\"https:\\\/\\\/www.lange.fr\\\/wp-content\\\/uploads\\\/2024\\\/02\\\/99f7e8d7c7c63f8baea2a9b58e651730.png\",\"width\":300,\"height\":91,\"caption\":\"Lang\u00e9 - Paris\"},\"image\":{\"@id\":\"https:\\\/\\\/www.lange.fr\\\/#\\\/schema\\\/logo\\\/image\\\/\"}}]}<\/script>\n<!-- \/ Yoast SEO plugin. -->","yoast_head_json":{"title":"S\u00e9rum Vitalit\u00e9 Extr\u00eame R\u00e9g\u00e9n\u00e9rant - Lang\u00e9 - Paris","robots":{"index":"index","follow":"follow","max-snippet":"max-snippet:-1","max-image-preview":"max-image-preview:large","max-video-preview":"max-video-preview:-1"},"canonical":"http:\/\/www.lange.fr\/en\/product\/serum-vitalite-extreme-regenerant\/","og_locale":"en_US","og_type":"article","og_title":"S\u00e9rum Vitalit\u00e9 Extr\u00eame R\u00e9g\u00e9n\u00e9rant - Lang\u00e9 - Paris","og_description":"Hydrat\u00e9e, la peau semble r\u00e9g\u00e9n\u00e9r\u00e9e et les signes de l'\u00e2ge att\u00e9nu\u00e9s. Uniforme et lisse, le teint est \u00e9clatant de vitalit\u00e9.","og_url":"http:\/\/www.lange.fr\/en\/product\/serum-vitalite-extreme-regenerant\/","og_site_name":"Lang\u00e9 - Paris","article_modified_time":"2024-10-28T11:35:30+00:00","twitter_card":"summary_large_image","twitter_misc":{"Est. reading time":"1 minute"},"schema":{"@context":"https:\/\/schema.org","@graph":[{"@type":"WebPage","@id":"http:\/\/www.lange.fr\/product\/serum-vitalite-extreme-regenerant\/","url":"http:\/\/www.lange.fr\/product\/serum-vitalite-extreme-regenerant\/","name":"S\u00e9rum Vitalit\u00e9 Extr\u00eame R\u00e9g\u00e9n\u00e9rant - Lang\u00e9 - Paris","isPartOf":{"@id":"https:\/\/www.lange.fr\/#website"},"datePublished":"2024-04-04T14:13:11+00:00","dateModified":"2024-10-28T11:35:30+00:00","breadcrumb":{"@id":"http:\/\/www.lange.fr\/product\/serum-vitalite-extreme-regenerant\/#breadcrumb"},"inLanguage":"en-US","potentialAction":[{"@type":"ReadAction","target":["http:\/\/www.lange.fr\/product\/serum-vitalite-extreme-regenerant\/"]}]},{"@type":"BreadcrumbList","@id":"http:\/\/www.lange.fr\/product\/serum-vitalite-extreme-regenerant\/#breadcrumb","itemListElement":[{"@type":"ListItem","position":1,"name":"Home","item":"https:\/\/www.lange.fr\/"},{"@type":"ListItem","position":2,"name":"Boutique","item":"https:\/\/www.lange.fr\/en\/boutique\/"},{"@type":"ListItem","position":3,"name":"S\u00e9rum Vitalit\u00e9 Extr\u00eame R\u00e9g\u00e9n\u00e9rant"}]},{"@type":"WebSite","@id":"https:\/\/www.lange.fr\/#website","url":"https:\/\/www.lange.fr\/","name":"Lang\u00e9 - Paris","description":"L\u2019ACCENT SUR VOTRE BEAUT\u00c9","publisher":{"@id":"https:\/\/www.lange.fr\/#organization"},"potentialAction":[{"@type":"SearchAction","target":{"@type":"EntryPoint","urlTemplate":"https:\/\/www.lange.fr\/?s={search_term_string}"},"query-input":{"@type":"PropertyValueSpecification","valueRequired":true,"valueName":"search_term_string"}}],"inLanguage":"en-US"},{"@type":"Organization","@id":"https:\/\/www.lange.fr\/#organization","name":"Lang\u00e9 - Paris","url":"https:\/\/www.lange.fr\/","logo":{"@type":"ImageObject","inLanguage":"en-US","@id":"https:\/\/www.lange.fr\/#\/schema\/logo\/image\/","url":"https:\/\/www.lange.fr\/wp-content\/uploads\/2024\/02\/99f7e8d7c7c63f8baea2a9b58e651730.png","contentUrl":"https:\/\/www.lange.fr\/wp-content\/uploads\/2024\/02\/99f7e8d7c7c63f8baea2a9b58e651730.png","width":300,"height":91,"caption":"Lang\u00e9 - Paris"},"image":{"@id":"https:\/\/www.lange.fr\/#\/schema\/logo\/image\/"}}]}},"_links":{"self":[{"href":"https:\/\/www.lange.fr\/en\/wp-json\/wp\/v2\/product\/13890","targetHints":{"allow":["GET"]}}],"collection":[{"href":"https:\/\/www.lange.fr\/en\/wp-json\/wp\/v2\/product"}],"about":[{"href":"https:\/\/www.lange.fr\/en\/wp-json\/wp\/v2\/types\/product"}],"replies":[{"embeddable":true,"href":"https:\/\/www.lange.fr\/en\/wp-json\/wp\/v2\/comments?post=13890"}],"version-history":[{"count":0,"href":"https:\/\/www.lange.fr\/en\/wp-json\/wp\/v2\/product\/13890\/revisions"}],"wp:attachment":[{"href":"https:\/\/www.lange.fr\/en\/wp-json\/wp\/v2\/media?parent=13890"}],"wp:term":[{"taxonomy":"product_brand","embeddable":true,"href":"https:\/\/www.lange.fr\/en\/wp-json\/wp\/v2\/product_brand?post=13890"},{"taxonomy":"product_cat","embeddable":true,"href":"https:\/\/www.lange.fr\/en\/wp-json\/wp\/v2\/product_cat?post=13890"},{"taxonomy":"product_tag","embeddable":true,"href":"https:\/\/www.lange.fr\/en\/wp-json\/wp\/v2\/product_tag?post=13890"}],"curies":[{"name":"wp","href":"https:\/\/api.w.org\/{rel}","templated":true}]}}

<!-- This site is optimized with the Yoast SEO plugin v27.5 - https://yoast.com/product/yoast-seo-wordpress/ -->
<title>Sérum Vitalité Extrême Régénérant - Langé - Paris</title>
<meta name="robots" content="index, follow, max-snippet:-1, max-image-preview:large, max-video-preview:-1" />
<link rel="canonical" href="http://www.lange.fr/en/product/serum-vitalite-extreme-regenerant/" />
<meta property="og:locale" content="en_US" />
<meta property="og:type" content="article" />
<meta property="og:title" content="Sérum Vitalité Extrême Régénérant - Langé - Paris" />
<meta property="og:description" content="Hydratée, la peau semble régénérée et les signes de l&#039;âge atténués. Uniforme et lisse, le teint est éclatant de vitalité." />
<meta property="og:url" content="http://www.lange.fr/en/product/serum-vitalite-extreme-regenerant/" />
<meta property="og:site_name" content="Langé - Paris" />
<meta property="article:modified_time" content="2024-10-28T11:35:30+00:00" />
<meta name="twitter:card" content="summary_large_image" />
<meta name="twitter:label1" content="Est. reading time" />
	<meta name="twitter:data1" content="1 minute" />
<script type="application/ld+json" class="yoast-schema-graph">{"@context":"https:\/\/schema.org","@graph":[{"@type":"WebPage","@id":"http:\/\/www.lange.fr\/product\/serum-vitalite-extreme-regenerant\/","url":"http:\/\/www.lange.fr\/product\/serum-vitalite-extreme-regenerant\/","name":"Sérum Vitalité Extrême Régénérant - Langé - Paris","isPartOf":{"@id":"https:\/\/www.lange.fr\/#website"},"datePublished":"2024-04-04T14:13:11+00:00","dateModified":"2024-10-28T11:35:30+00:00","breadcrumb":{"@id":"http:\/\/www.lange.fr\/product\/serum-vitalite-extreme-regenerant\/#breadcrumb"},"inLanguage":"en-US","potentialAction":[{"@type":"ReadAction","target":["http:\/\/www.lange.fr\/product\/serum-vitalite-extreme-regenerant\/"]}]},{"@type":"BreadcrumbList","@id":"http:\/\/www.lange.fr\/product\/serum-vitalite-extreme-regenerant\/#breadcrumb","itemListElement":[{"@type":"ListItem","position":1,"name":"Home","item":"https:\/\/www.lange.fr\/"},{"@type":"ListItem","position":2,"name":"Boutique","item":"https:\/\/www.lange.fr\/en\/boutique\/"},{"@type":"ListItem","position":3,"name":"Sérum Vitalité Extrême Régénérant"}]},{"@type":"WebSite","@id":"https:\/\/www.lange.fr\/#website","url":"https:\/\/www.lange.fr\/","name":"Langé - Paris","description":"L’ACCENT SUR VOTRE BEAUTÉ","publisher":{"@id":"https:\/\/www.lange.fr\/#organization"},"potentialAction":[{"@type":"SearchAction","target":{"@type":"EntryPoint","urlTemplate":"https:\/\/www.lange.fr\/?s={search_term_string}"},"query-input":{"@type":"PropertyValueSpecification","valueRequired":true,"valueName":"search_term_string"}}],"inLanguage":"en-US"},{"@type":"Organization","@id":"https:\/\/www.lange.fr\/#organization","name":"Langé - Paris","url":"https:\/\/www.lange.fr\/","logo":{"@type":"ImageObject","inLanguage":"en-US","@id":"https:\/\/www.lange.fr\/#\/schema\/logo\/image\/","url":"https:\/\/www.lange.fr\/wp-content\/uploads\/2024\/02\/99f7e8d7c7c63f8baea2a9b58e651730.png","contentUrl":"https:\/\/www.lange.fr\/wp-content\/uploads\/2024\/02\/99f7e8d7c7c63f8baea2a9b58e651730.png","width":300,"height":91,"caption":"Langé - Paris"},"image":{"@id":"https:\/\/www.lange.fr\/#\/schema\/logo\/image\/"}}]}</script>
<!-- / Yoast SEO plugin. -->

Sérum Vitalité Extrême Régénérant - Langé - Paris

Hydratée, la peau semble régénérée et les signes de l'âge atténués. Uniforme et lisse, le teint est éclatant de vitalité.

Langé - Paris

Sérum Vitalité Extrême Régénérant

L’ACCENT SUR VOTRE BEAUTÉ
